{"id":33,"date":"2016-03-22T14:21:51","date_gmt":"2016-03-22T13:21:51","guid":{"rendered":"http:\/\/sudafrica.evolutiontravel.it\/infovacanze\/?page_id=33"},"modified":"2018-09-26T15:46:04","modified_gmt":"2018-09-26T13:46:04","slug":"destinazioni","status":"publish","type":"page","link":"https:\/\/sudafrica.evolutiontravel.it\/infovacanze\/destinazioni\/","title":{"rendered":"Luoghi da visitare"},"content":{"rendered":"<p>Non sarebbe possibile <strong>vedere tutto il Sudafric<\/strong>a in un&#8217;unica vacanza per cui avere consigli su quali cose <strong>non potete assolutamente perdere<\/strong> vi aiuter\u00e0 nella programmazione dell&#8217;itinerario da seguire. Questa destianzione \u00e8 adatta a tutti, a chi ama la natura, il mare ma anche le citt\u00e0 ricche di tradizioni.<\/p>\n<p><strong>Ecco allora qualche idea<\/strong> e non dimenticate di <strong>contattarci se avete bisogno di consigli<\/strong>, potete contare sulla nostra esperienza e assistenza gratuita e professionale!<\/p>\n<p>1) <strong><a title=\"capo di buona speranza\" href=\"https:\/\/sudafrica.evolutiontravel.it\/infovacanze\/destinazioni\/capo-buona-speranza\/\"><u>Capo di Buona Speranza<\/u><\/a><\/strong> , luogo storico per il passaggio degli antichi esploratori del Continente Africano, si trova all&#8217;estremit\u00e0 di Citt\u00e0 del Capo e rappresenta una <strong>vera e propria riserva naturale<\/strong> in cui \u00e8 possibile avvistare animali tipici della zona quali gazzelle e zebre e nel mare e di mare i\u00a0 delfini e le balene.<\/p>\n<p>2) <a title=\"citt\u00e0 del capo\" href=\"https:\/\/sudafrica.evolutiontravel.it\/infovacanze\/destinazioni\/citta-del-capo\/\"><strong><u>Citt\u00e0 del Capo<\/u><\/strong><\/a> \u00e8 uno dei luoghi turistici per eccellenza del Sudafrica, tanto da essere una delle mete <strong>maggiormente ambite dai surfisti<\/strong>. Il suo territorio si estende tra <strong>mare e montagne<\/strong> ed il clima \u00e8 molto simile a quello mediterraneo. Una delle citt\u00e0 pi\u00f9 belle al mondo, che al passato coloniale unisce il fascino dell\u2019architettura moderna, e il panorama della <strong>Table Mountain<\/strong> che la sovrasta.<\/p>\n<p>3) <a title=\"durban sudafrica\" href=\"https:\/\/sudafrica.evolutiontravel.it\/infovacanze\/destinazioni\/durban\/\"><strong><u>Durban<\/u><\/strong><\/a> deve la sua fama alla posizione geografica che ha permesso la costruzione di un porto di notevole importanza strategica. Seconda citt\u00e0 pi\u00f9 importante del paese, \u00e8 frequentata <strong>per le sue spiagge<\/strong> ma anche e soprattutto per l\u2019ampia offerta di <strong>teatri e musei<\/strong>. E&#8217; infatti una destinazione ideale anche per un turismo di tipo culturale.<\/p>\n<p>4) <a title=\"Zimbabwe\" href=\"https:\/\/sudafrica.evolutiontravel.it\/infovacanze\/destinazioni\/zimbabwe\/\"><strong><u>Lo Zimbabwe<\/u><\/strong><\/a> \u00e8 uno stato appartenente all&#8217;Africa orientale e confina con il Sudafrica. Caratteristica predominante sono i <strong>siti archeologici.<\/strong><\/p>\n<p>5) <strong>Johannesburg<\/strong>: la cosiddetta seconda capitale del Sudafrica, una citt\u00e0 vivace e accattivante, importantissima per le testimonianze del passato del paese in termini di colonialismo e apartheid. Qui si trovano infatti sia il <strong>Museo dell\u2019Africa<\/strong> che il <strong>Museo dell\u2019Apartheid<\/strong>. La vicina <strong>Township di Soweto<\/strong>, inoltre, permette di conoscere da vicino le usanze locali e la cultura sudafricana.<\/p>\n<p>6) <a href=\"https:\/\/sudafrica.evolutiontravel.it\/infovacanze\/google-street-view-sudafrica\/\"><strong>Kruger National Park<\/strong><\/a>: la pi\u00f9 grande riserva naturale del paese, con i suoi ventimila chilometri quadrati, e il <strong>luogo perfetto per i <a href=\"https:\/\/sudafrica.evolutiontravel.it\/infovacanze\/safari\/mare\/\">safari<\/a><\/strong>. Qui si possono incontrare finalmente gli splendidi animali che popolano il continente africano, dalle giraffe ai leoni, dalle gazzelle ai rinoceronti.<\/p>\n<p>7)<strong> Blyde River Canyon<\/strong>: un <strong>punto panoramico imperdibile<\/strong>, che offre agli occhi dei visitatori alcuni tra i pi\u00f9 bei panorami del Sudafrica e che permette attivit\u00e0 come le arrampicate, da annoverare sicuramente nel lungo elenco di siti <a href=\"https:\/\/sudafrica.evolutiontravel.it\/infovacanze\/patrimonio-naturale\/\">patrimonio naturale<\/a> di questo territorio.<\/p>\n<h3 style=\"text-align: center\"><strong>Offerte viaggi e vacanze in Sudafrica con Evolution Travel<br \/>\n<\/strong><\/h3>\n<p style=\"text-align: center\"><strong><span style=\"color: #008000\">CLICCA E SCOPRI<\/span><\/strong>: <strong>programma<\/strong> del viaggio, <strong>foto<\/strong>, <strong>commenti<\/strong>, <strong>itinerar<\/strong>i e altro!<\/p>\n<p style=\"text-align: center\"><strong><span style=\"color: #008000\">IN UN SOLO CLICK SCOPRI TUTTO E SUBITO!<\/span><\/strong><\/p>\n<div class=\"feedzy-ebfaa266c115d8a9ce404e31e4a9ae2f feedzy-rss\">\n\t\t<ul class=\"feedzy-style2\">\n\t\t\t\t\t<li  style=\"padding: 23px 0 38px\" class=\"rss_item feedzy-rss-col-3\" >\n\t\t\t\t\t\t\t\t\t<div class=\"rss_image\" style=\"width:225px; height:225px;\">\n\t\t\t\t\t\t<a href=\"https:\/\/sudafrica.evolutiontravel.it\/it_IT\/893\/tab\/39396_kruger-e-cape-town.html\" target=\"_blank\" \n\t\t\t\t\t\t\trel=\"noopener \"\n\t\t\t\t\t\t\ttitle=\"Kruger e Cape Town\"\n\t\t\t\t\t\t\tstyle=\"width:225px; height:225px;\">\n\t\t\t\t\t\t\t<span class=\"fetched\" style=\"background-image:  url('http:\/\/etcdn.net\/thumbnails\/27782\/it-cape-town-fly-and-drive-in-tour-nella-regione-del-capo-70381.jpg');\" title=\"Kruger e Cape Town\"><\/span><amp-img width=\"225\" height=\"225\" src=\"http:\/\/etcdn.net\/thumbnails\/27782\/it-cape-town-fly-and-drive-in-tour-nella-regione-del-capo-70381.jpg\">\t\t\t\t\t\t<\/a>\n\t\t\t\t\t<\/div>\n\t\t\t\t\t\t\t\t<div class=\"rss_content_wrap\">\n\t\t\t\t\t<span class=\"title\">\n\t\t\t\t\t\t<a href=\"https:\/\/sudafrica.evolutiontravel.it\/it_IT\/893\/tab\/39396_kruger-e-cape-town.html\" target=\"_blank\"  rel=\"noopener \">\n\t\t\t\t\t\t\tKruger e Cape Town\t\t\t\t\t\t<\/a>\n\t\t\t\t\t<\/span>\n\t\t\t\t\t<div class=\"rss_content\"\n\t\t\t\t\t\t\tstyle=\"\">\n\t\t\t\t\t\t\n\t\t\t\t\t\t\t\t\t\t\t\t<p class=\"description\">un classico tour che abbina il safari nel parco con la visita del capo<\/p>\n\t\t\t\t\t\t\n\t\t\t\t\t\t\t\t\t\t\t\t\t\t\t\t\t\t\t<div class=\"price-wrap\">\n\t\t\t\t\t\t\t\t<a href=\"https:\/\/sudafrica.evolutiontravel.it\/it_IT\/893\/tab\/39396_kruger-e-cape-town.html\" target=\"_blank\" rel=\"noopener\"><button class=\"price\"> 2500<\/button><\/a>\n\t\t\t\t\t\t\t<\/div>\n\t\t\t\t\t\t\t\t\t\t\t<\/div>\n\t\t\t\t<\/div>\n\t\t\t<\/li>\n\t\t\t\t\t\t<li  style=\"padding: 23px 0 38px\" class=\"rss_item feedzy-rss-col-3\" >\n\t\t\t\t\t\t\t\t\t<div class=\"rss_image\" style=\"width:225px; height:225px;\">\n\t\t\t\t\t\t<a href=\"https:\/\/sudafrica.evolutiontravel.it\/it_IT\/893\/tab\/32685_tutti-i-colori-della-nazione-arcobaleno-e-seychelles.html\" target=\"_blank\" \n\t\t\t\t\t\t\trel=\"noopener \"\n\t\t\t\t\t\t\ttitle=\"Tutti i colori della Nazione Arcobaleno e Seychelles\"\n\t\t\t\t\t\t\tstyle=\"width:225px; height:225px;\">\n\t\t\t\t\t\t\t<span class=\"fetched\" style=\"background-image:  url('http:\/\/etcdn.net\/thumbnails\/32685\/it-cape-town-tutti-i-colori-della-nazione-arcobaleno-e-seychelles-703b4.jpg');\" title=\"Tutti i colori della Nazione Arcobaleno e Seychelles\"><\/span><amp-img width=\"225\" height=\"225\" src=\"http:\/\/etcdn.net\/thumbnails\/32685\/it-cape-town-tutti-i-colori-della-nazione-arcobaleno-e-seychelles-703b4.jpg\">\t\t\t\t\t\t<\/a>\n\t\t\t\t\t<\/div>\n\t\t\t\t\t\t\t\t<div class=\"rss_content_wrap\">\n\t\t\t\t\t<span class=\"title\">\n\t\t\t\t\t\t<a href=\"https:\/\/sudafrica.evolutiontravel.it\/it_IT\/893\/tab\/32685_tutti-i-colori-della-nazione-arcobaleno-e-seychelles.html\" target=\"_blank\"  rel=\"noopener \">\n\t\t\t\t\t\t\tTutti i colori della Nazione Arcobaleno e Seychelles\t\t\t\t\t\t<\/a>\n\t\t\t\t\t<\/span>\n\t\t\t\t\t<div class=\"rss_content\"\n\t\t\t\t\t\t\tstyle=\"\">\n\t\t\t\t\t\t\n\t\t\t\t\t\t\t\t\t\t\t\t<p class=\"description\">Una combinazione tra le pi\u00f9 gradite e apprezzate. Dai colori ai profumi, dagli spazi immensi ricchi di terra, animali, [&hellip;]<\/p>\n\t\t\t\t\t\t\n\t\t\t\t\t\t\t\t\t\t\t\t\t\t\t\t\t\t\t<div class=\"price-wrap\">\n\t\t\t\t\t\t\t\t<a href=\"https:\/\/sudafrica.evolutiontravel.it\/it_IT\/893\/tab\/32685_tutti-i-colori-della-nazione-arcobaleno-e-seychelles.html\" target=\"_blank\" rel=\"noopener\"><button class=\"price\"> 3800<\/button><\/a>\n\t\t\t\t\t\t\t<\/div>\n\t\t\t\t\t\t\t\t\t\t\t<\/div>\n\t\t\t\t<\/div>\n\t\t\t<\/li>\n\t\t\t\t\t\t<li  style=\"padding: 23px 0 38px\" class=\"rss_item feedzy-rss-col-3\" >\n\t\t\t\t\t\t\t\t\t<div class=\"rss_image\" style=\"width:225px; height:225px;\">\n\t\t\t\t\t\t<a href=\"https:\/\/sudafrica.evolutiontravel.it\/it_IT\/893\/tab\/39400_safari-di-lusso-kruger-area.html\" target=\"_blank\" \n\t\t\t\t\t\t\trel=\"noopener \"\n\t\t\t\t\t\t\ttitle=\"Safari di Lusso - Kruger area\"\n\t\t\t\t\t\t\tstyle=\"width:225px; height:225px;\">\n\t\t\t\t\t\t\t<span class=\"fetched\" style=\"background-image:  url('http:\/\/etcdn.net\/thumbnails\/28766\/it-cape-town-south-africa-per-tutti-56708.jpg');\" title=\"Safari di Lusso - Kruger area\"><\/span><amp-img width=\"225\" height=\"225\" src=\"http:\/\/etcdn.net\/thumbnails\/28766\/it-cape-town-south-africa-per-tutti-56708.jpg\">\t\t\t\t\t\t<\/a>\n\t\t\t\t\t<\/div>\n\t\t\t\t\t\t\t\t<div class=\"rss_content_wrap\">\n\t\t\t\t\t<span class=\"title\">\n\t\t\t\t\t\t<a href=\"https:\/\/sudafrica.evolutiontravel.it\/it_IT\/893\/tab\/39400_safari-di-lusso-kruger-area.html\" target=\"_blank\"  rel=\"noopener \">\n\t\t\t\t\t\t\tSafari di Lusso - Kruger area\t\t\t\t\t\t<\/a>\n\t\t\t\t\t<\/span>\n\t\t\t\t\t<div class=\"rss_content\"\n\t\t\t\t\t\t\tstyle=\"\">\n\t\t\t\t\t\t\n\t\t\t\t\t\t\t\t\t\t\t\t<p class=\"description\">Un viaggio indimenticabile, totalmente dedicato a chi ama il lusso e non vuole lasciare nulla al caso. Vi troverete a contatto [&hellip;]<\/p>\n\t\t\t\t\t\t\n\t\t\t\t\t\t\t\t\t\t\t\t\t\t\t\t\t\t\t<div class=\"price-wrap\">\n\t\t\t\t\t\t\t\t<a href=\"https:\/\/sudafrica.evolutiontravel.it\/it_IT\/893\/tab\/39400_safari-di-lusso-kruger-area.html\" target=\"_blank\" rel=\"noopener\"><button class=\"price\"> 2000<\/button><\/a>\n\t\t\t\t\t\t\t<\/div>\n\t\t\t\t\t\t\t\t\t\t\t<\/div>\n\t\t\t\t<\/div>\n\t\t\t<\/li>\n\t\t\t\t\t\t<li  style=\"padding: 23px 0 38px\" class=\"rss_item feedzy-rss-col-3\" >\n\t\t\t\t\t\t\t\t\t<div class=\"rss_image\" style=\"width:225px; height:225px;\">\n\t\t\t\t\t\t<a href=\"https:\/\/sudafrica.evolutiontravel.it\/it_IT\/893\/tab\/39507_safari-di-lusso-kruger-area-e-mozambico.html\" target=\"_blank\" \n\t\t\t\t\t\t\trel=\"noopener \"\n\t\t\t\t\t\t\ttitle=\"Safari di Lusso - Kruger area e mozambico\"\n\t\t\t\t\t\t\tstyle=\"width:225px; height:225px;\">\n\t\t\t\t\t\t\t<span class=\"fetched\" style=\"background-image:  url('http:\/\/etcdn.net\/thumbnails\/28766\/it-cape-town-south-africa-per-tutti-56708.jpg');\" title=\"Safari di Lusso - Kruger area e mozambico\"><\/span><amp-img width=\"225\" height=\"225\" src=\"http:\/\/etcdn.net\/thumbnails\/28766\/it-cape-town-south-africa-per-tutti-56708.jpg\">\t\t\t\t\t\t<\/a>\n\t\t\t\t\t<\/div>\n\t\t\t\t\t\t\t\t<div class=\"rss_content_wrap\">\n\t\t\t\t\t<span class=\"title\">\n\t\t\t\t\t\t<a href=\"https:\/\/sudafrica.evolutiontravel.it\/it_IT\/893\/tab\/39507_safari-di-lusso-kruger-area-e-mozambico.html\" target=\"_blank\"  rel=\"noopener \">\n\t\t\t\t\t\t\tSafari di Lusso - Kruger area e mozambico\t\t\t\t\t\t<\/a>\n\t\t\t\t\t<\/span>\n\t\t\t\t\t<div class=\"rss_content\"\n\t\t\t\t\t\t\tstyle=\"\">\n\t\t\t\t\t\t\n\t\t\t\t\t\t\t\t\t\t\t\t<p class=\"description\">Un viaggio indimenticabile, totalmente dedicato a chi ama il lusso e non vuole lasciare nulla al caso. Vi troverete a contatto [&hellip;]<\/p>\n\t\t\t\t\t\t\n\t\t\t\t\t\t\t\t\t\t\t\t\t\t\t\t\t\t\t<div class=\"price-wrap\">\n\t\t\t\t\t\t\t\t<a href=\"https:\/\/sudafrica.evolutiontravel.it\/it_IT\/893\/tab\/39507_safari-di-lusso-kruger-area-e-mozambico.html\" target=\"_blank\" rel=\"noopener\"><button class=\"price\"> 5200<\/button><\/a>\n\t\t\t\t\t\t\t<\/div>\n\t\t\t\t\t\t\t\t\t\t\t<\/div>\n\t\t\t\t<\/div>\n\t\t\t<\/li>\n\t\t\t\t\t\t<li  style=\"padding: 23px 0 38px\" class=\"rss_item feedzy-rss-col-3\" >\n\t\t\t\t\t\t\t\t\t<div class=\"rss_image\" style=\"width:225px; height:225px;\">\n\t\t\t\t\t\t<a href=\"https:\/\/sudafrica.evolutiontravel.it\/it_IT\/893\/tab\/39509_safari-al-kruger-mpumalanga-e-mare.html\" target=\"_blank\" \n\t\t\t\t\t\t\trel=\"noopener \"\n\t\t\t\t\t\t\ttitle=\"Safari al kruger, mpumalanga e mare\"\n\t\t\t\t\t\t\tstyle=\"width:225px; height:225px;\">\n\t\t\t\t\t\t\t<span class=\"fetched\" style=\"background-image:  url('http:\/\/etcdn.net\/thumbnails\/27481\/it-johannesburg-meravigliosamente-nazione-arcobaleno-70314.jpg');\" title=\"Safari al kruger, mpumalanga e mare\"><\/span><amp-img width=\"225\" height=\"225\" src=\"http:\/\/etcdn.net\/thumbnails\/27481\/it-johannesburg-meravigliosamente-nazione-arcobaleno-70314.jpg\">\t\t\t\t\t\t<\/a>\n\t\t\t\t\t<\/div>\n\t\t\t\t\t\t\t\t<div class=\"rss_content_wrap\">\n\t\t\t\t\t<span class=\"title\">\n\t\t\t\t\t\t<a href=\"https:\/\/sudafrica.evolutiontravel.it\/it_IT\/893\/tab\/39509_safari-al-kruger-mpumalanga-e-mare.html\" target=\"_blank\"  rel=\"noopener \">\n\t\t\t\t\t\t\tSafari al kruger, mpumalanga e mare\t\t\t\t\t\t<\/a>\n\t\t\t\t\t<\/span>\n\t\t\t\t\t<div class=\"rss_content\"\n\t\t\t\t\t\t\tstyle=\"\">\n\t\t\t\t\t\t\n\t\t\t\t\t\t\t\t\t\t\t\t<p class=\"description\">Un itinerario di viaggio dedicato a chi desidera un contatto diretto con la natura ed effettuare emozionanti foto-safari nel [&hellip;]<\/p>\n\t\t\t\t\t\t\n\t\t\t\t\t\t\t\t\t\t\t\t\t\t\t\t\t\t\t<div class=\"price-wrap\">\n\t\t\t\t\t\t\t\t<a href=\"https:\/\/sudafrica.evolutiontravel.it\/it_IT\/893\/tab\/39509_safari-al-kruger-mpumalanga-e-mare.html\" target=\"_blank\" rel=\"noopener\"><button class=\"price\"> 3550<\/button><\/a>\n\t\t\t\t\t\t\t<\/div>\n\t\t\t\t\t\t\t\t\t\t\t<\/div>\n\t\t\t\t<\/div>\n\t\t\t<\/li>\n\t\t\t\t\t\t<li  style=\"padding: 23px 0 38px\" class=\"rss_item feedzy-rss-col-3\" >\n\t\t\t\t\t\t\t\t\t<div class=\"rss_image\" style=\"width:225px; height:225px;\">\n\t\t\t\t\t\t<a href=\"https:\/\/sudafrica.evolutiontravel.it\/it_IT\/893\/tab\/39389_self-drive-nella-regione-del-capo-e-garden-route.html\" target=\"_blank\" \n\t\t\t\t\t\t\trel=\"noopener \"\n\t\t\t\t\t\t\ttitle=\"Self drive nella Regione del Capo e garden route\"\n\t\t\t\t\t\t\tstyle=\"width:225px; height:225px;\">\n\t\t\t\t\t\t\t<span class=\"fetched\" style=\"background-image:  url('http:\/\/etcdn.net\/thumbnails\/27782\/it-cape-town-fly-and-drive-in-tour-nella-regione-del-capo-70382.jpg');\" title=\"Self drive nella Regione del Capo e garden route\"><\/span><amp-img width=\"225\" height=\"225\" src=\"http:\/\/etcdn.net\/thumbnails\/27782\/it-cape-town-fly-and-drive-in-tour-nella-regione-del-capo-70382.jpg\">\t\t\t\t\t\t<\/a>\n\t\t\t\t\t<\/div>\n\t\t\t\t\t\t\t\t<div class=\"rss_content_wrap\">\n\t\t\t\t\t<span class=\"title\">\n\t\t\t\t\t\t<a href=\"https:\/\/sudafrica.evolutiontravel.it\/it_IT\/893\/tab\/39389_self-drive-nella-regione-del-capo-e-garden-route.html\" target=\"_blank\"  rel=\"noopener \">\n\t\t\t\t\t\t\tSelf drive nella Regione del Capo e garden route\t\t\t\t\t\t<\/a>\n\t\t\t\t\t<\/span>\n\t\t\t\t\t<div class=\"rss_content\"\n\t\t\t\t\t\t\tstyle=\"\">\n\t\t\t\t\t\t\n\t\t\t\t\t\t\t\t\t\t\t\t<p class=\"description\">Lasciatevi accogliere dall'anima viva e dallo spettacolo di un paese straordinario: i suoni, la natura, il soffio del vento e le [&hellip;]<\/p>\n\t\t\t\t\t\t\n\t\t\t\t\t\t\t\t\t\t\t\t\t\t\t\t\t\t\t<div class=\"price-wrap\">\n\t\t\t\t\t\t\t\t<a href=\"https:\/\/sudafrica.evolutiontravel.it\/it_IT\/893\/tab\/39389_self-drive-nella-regione-del-capo-e-garden-route.html\" target=\"_blank\" rel=\"noopener\"><button class=\"price\"> 2400<\/button><\/a>\n\t\t\t\t\t\t\t<\/div>\n\t\t\t\t\t\t\t\t\t\t\t<\/div>\n\t\t\t\t<\/div>\n\t\t\t<\/li>\n\t\t\t\t<\/ul>\n<\/div>\n<style type=\"text\/css\" media=\"all\">.feedzy-rss .rss_item .rss_image{float:left;position:relative;border:none;text-decoration:none;max-width:100%}.feedzy-rss .rss_item .rss_image span{display:inline-block;position:absolute;width:100%;height:100%;background-position:50%;background-size:cover}.feedzy-rss .rss_item .rss_image{margin:.3em 1em 0 0;content-visibility:auto}.feedzy-rss ul{list-style:none}.feedzy-rss ul li{display:inline-block}<\/style>\n<h3>Per approfondire<\/h3>\n<p>Prima di partire per la Naziona Arcobaleno scopri di pi\u00f9, impara ad amare questa destinazione ancora prima di arrivarci!<\/p>\n<ul>\n<li><a href=\"https:\/\/sudafrica.evolutiontravel.it\/infovacanze\/itinerari\/con-bambini\/\">In Sudafrica con i bambini? Perch\u00e8 no!<\/a><\/li>\n<li><a href=\"https:\/\/sudafrica.evolutiontravel.it\/infovacanze\/natura\/idrologia\/\">Mare, spiagge e laghi del Sudafrica<\/a><\/li>\n<\/ul>\n","protected":false},"excerpt":{"rendered":"<p>Non sarebbe possibile vedere tutto il Sudafrica in un&#8217;unica vacanza per cui avere consigli su quali cose non potete assolutamente perdere vi aiuter\u00e0 nella programmazione dell&#8217;itinerario da seguire. Questa destianzione \u00e8 adatta a tutti, a chi ama la natura, il mare ma anche le citt\u00e0 ricche di tradizioni. Ecco allora qualche idea e non dimenticate <a class=\"moretag\" href=\"https:\/\/sudafrica.evolutiontravel.it\/infovacanze\/destinazioni\/\">[&#8230;]<\/a><\/p>\n","protected":false},"author":6,"featured_media":0,"parent":0,"menu_order":0,"comment_status":"closed","ping_status":"closed","template":"templates\/template-with-right-sidebar.php","meta":{"footnotes":""},"yoast_head":"<!-- This site is optimized with the Yoast SEO plugin v21.9.1 - https:\/\/yoast.com\/wordpress\/plugins\/seo\/ -->\n<title>Localit\u00e0 da vedere in Sudafrica almeno una volta e consigli di viaggio<\/title>\n<meta name=\"description\" content=\"Le pi\u00f9 famose destinazioni del Sudafrica dove trascorrere le tue vacanze. Leggi i nostri consigli di viaggio e parti con Evolution Travel!\" \/>\n<meta name=\"robots\" content=\"index, follow, max-snippet:-1, max-image-preview:large, max-video-preview:-1\" \/>\n<link rel=\"canonical\" href=\"https:\/\/sudafrica.evolutiontravel.it\/infovacanze\/destinazioni\/\" \/>\n<meta property=\"og:locale\" content=\"it_IT\" \/>\n<meta property=\"og:type\" content=\"article\" \/>\n<meta property=\"og:title\" content=\"Localit\u00e0 da vedere in Sudafrica almeno una volta e consigli di viaggio\" \/>\n<meta property=\"og:description\" content=\"Le pi\u00f9 famose destinazioni del Sudafrica dove trascorrere le tue vacanze. Leggi i nostri consigli di viaggio e parti con Evolution Travel!\" \/>\n<meta property=\"og:url\" content=\"https:\/\/sudafrica.evolutiontravel.it\/infovacanze\/destinazioni\/\" \/>\n<meta property=\"og:site_name\" content=\"Sudafrica\" \/>\n<meta property=\"article:modified_time\" content=\"2018-09-26T13:46:04+00:00\" \/>\n<meta name=\"twitter:card\" content=\"summary_large_image\" \/>\n<meta name=\"twitter:label1\" content=\"Tempo di lettura stimato\" \/>\n\t<meta name=\"twitter:data1\" content=\"3 minuti\" \/>\n<script type=\"application\/ld+json\" class=\"yoast-schema-graph\">{\"@context\":\"https:\/\/schema.org\",\"@graph\":[{\"@type\":\"WebPage\",\"@id\":\"https:\/\/sudafrica.evolutiontravel.it\/infovacanze\/destinazioni\/\",\"url\":\"https:\/\/sudafrica.evolutiontravel.it\/infovacanze\/destinazioni\/\",\"name\":\"Localit\u00e0 da vedere in Sudafrica almeno una volta e consigli di viaggio\",\"isPartOf\":{\"@id\":\"https:\/\/sudafrica.evolutiontravel.it\/infovacanze\/#website\"},\"datePublished\":\"2016-03-22T13:21:51+00:00\",\"dateModified\":\"2018-09-26T13:46:04+00:00\",\"description\":\"Le pi\u00f9 famose destinazioni del Sudafrica dove trascorrere le tue vacanze. Leggi i nostri consigli di viaggio e parti con Evolution Travel!\",\"breadcrumb\":{\"@id\":\"https:\/\/sudafrica.evolutiontravel.it\/infovacanze\/destinazioni\/#breadcrumb\"},\"inLanguage\":\"it-IT\",\"potentialAction\":[{\"@type\":\"ReadAction\",\"target\":[\"https:\/\/sudafrica.evolutiontravel.it\/infovacanze\/destinazioni\/\"]}]},{\"@type\":\"BreadcrumbList\",\"@id\":\"https:\/\/sudafrica.evolutiontravel.it\/infovacanze\/destinazioni\/#breadcrumb\",\"itemListElement\":[{\"@type\":\"ListItem\",\"position\":1,\"name\":\"Home\",\"item\":\"https:\/\/sudafrica.evolutiontravel.it\/infovacanze\/\"},{\"@type\":\"ListItem\",\"position\":2,\"name\":\"Luoghi da visitare\"}]},{\"@type\":\"WebSite\",\"@id\":\"https:\/\/sudafrica.evolutiontravel.it\/infovacanze\/#website\",\"url\":\"https:\/\/sudafrica.evolutiontravel.it\/infovacanze\/\",\"name\":\"Sudafrica\",\"description\":\"\",\"potentialAction\":[{\"@type\":\"SearchAction\",\"target\":{\"@type\":\"EntryPoint\",\"urlTemplate\":\"https:\/\/sudafrica.evolutiontravel.it\/infovacanze\/?s={search_term_string}\"},\"query-input\":\"required name=search_term_string\"}],\"inLanguage\":\"it-IT\"}]}<\/script>\n<!-- \/ Yoast SEO plugin. -->","yoast_head_json":{"title":"Localit\u00e0 da vedere in Sudafrica almeno una volta e consigli di viaggio","description":"Le pi\u00f9 famose destinazioni del Sudafrica dove trascorrere le tue vacanze. Leggi i nostri consigli di viaggio e parti con Evolution Travel!","robots":{"index":"index","follow":"follow","max-snippet":"max-snippet:-1","max-image-preview":"max-image-preview:large","max-video-preview":"max-video-preview:-1"},"canonical":"https:\/\/sudafrica.evolutiontravel.it\/infovacanze\/destinazioni\/","og_locale":"it_IT","og_type":"article","og_title":"Localit\u00e0 da vedere in Sudafrica almeno una volta e consigli di viaggio","og_description":"Le pi\u00f9 famose destinazioni del Sudafrica dove trascorrere le tue vacanze. Leggi i nostri consigli di viaggio e parti con Evolution Travel!","og_url":"https:\/\/sudafrica.evolutiontravel.it\/infovacanze\/destinazioni\/","og_site_name":"Sudafrica","article_modified_time":"2018-09-26T13:46:04+00:00","twitter_card":"summary_large_image","twitter_misc":{"Tempo di lettura stimato":"3 minuti"},"schema":{"@context":"https:\/\/schema.org","@graph":[{"@type":"WebPage","@id":"https:\/\/sudafrica.evolutiontravel.it\/infovacanze\/destinazioni\/","url":"https:\/\/sudafrica.evolutiontravel.it\/infovacanze\/destinazioni\/","name":"Localit\u00e0 da vedere in Sudafrica almeno una volta e consigli di viaggio","isPartOf":{"@id":"https:\/\/sudafrica.evolutiontravel.it\/infovacanze\/#website"},"datePublished":"2016-03-22T13:21:51+00:00","dateModified":"2018-09-26T13:46:04+00:00","description":"Le pi\u00f9 famose destinazioni del Sudafrica dove trascorrere le tue vacanze. Leggi i nostri consigli di viaggio e parti con Evolution Travel!","breadcrumb":{"@id":"https:\/\/sudafrica.evolutiontravel.it\/infovacanze\/destinazioni\/#breadcrumb"},"inLanguage":"it-IT","potentialAction":[{"@type":"ReadAction","target":["https:\/\/sudafrica.evolutiontravel.it\/infovacanze\/destinazioni\/"]}]},{"@type":"BreadcrumbList","@id":"https:\/\/sudafrica.evolutiontravel.it\/infovacanze\/destinazioni\/#breadcrumb","itemListElement":[{"@type":"ListItem","position":1,"name":"Home","item":"https:\/\/sudafrica.evolutiontravel.it\/infovacanze\/"},{"@type":"ListItem","position":2,"name":"Luoghi da visitare"}]},{"@type":"WebSite","@id":"https:\/\/sudafrica.evolutiontravel.it\/infovacanze\/#website","url":"https:\/\/sudafrica.evolutiontravel.it\/infovacanze\/","name":"Sudafrica","description":"","potentialAction":[{"@type":"SearchAction","target":{"@type":"EntryPoint","urlTemplate":"https:\/\/sudafrica.evolutiontravel.it\/infovacanze\/?s={search_term_string}"},"query-input":"required name=search_term_string"}],"inLanguage":"it-IT"}]}},"_links":{"self":[{"href":"https:\/\/sudafrica.evolutiontravel.it\/infovacanze\/wp-json\/wp\/v2\/pages\/33"}],"collection":[{"href":"https:\/\/sudafrica.evolutiontravel.it\/infovacanze\/wp-json\/wp\/v2\/pages"}],"about":[{"href":"https:\/\/sudafrica.evolutiontravel.it\/infovacanze\/wp-json\/wp\/v2\/types\/page"}],"author":[{"embeddable":true,"href":"https:\/\/sudafrica.evolutiontravel.it\/infovacanze\/wp-json\/wp\/v2\/users\/6"}],"replies":[{"embeddable":true,"href":"https:\/\/sudafrica.evolutiontravel.it\/infovacanze\/wp-json\/wp\/v2\/comments?post=33"}],"version-history":[{"count":21,"href":"https:\/\/sudafrica.evolutiontravel.it\/infovacanze\/wp-json\/wp\/v2\/pages\/33\/revisions"}],"predecessor-version":[{"id":597,"href":"https:\/\/sudafrica.evolutiontravel.it\/infovacanze\/wp-json\/wp\/v2\/pages\/33\/revisions\/597"}],"wp:attachment":[{"href":"https:\/\/sudafrica.evolutiontravel.it\/infovacanze\/wp-json\/wp\/v2\/media?parent=33"}],"curies":[{"name":"wp","href":"https:\/\/api.w.org\/{rel}","templated":true}]}}